d by 26.
16
What is the remainder when 3410 is divided by 28?
22
What is the remainder when 82 is divided by 28?
26
Calculate the remainder when 198 is divided by 66.
0
What is the remainder when 138 is divided by 42?
12
Calculate the remainder when 149 is divided by 80.
69
What is the remainder when 239 is divided by 15?
14
What is the remainder when 715 is divided by 71?
5
What is the remainder when 408 is divided by 74?
38
What is the remainder when 170 is divided by 48?
26
Calculate the remainder when 88 is divided by 9.
7
What is the remainder when 539 is divided by 15?
14
What is the remainder when 895 is divided by 23?
21
What is the remainder when 1660 is divided by 64?
60
What is the remainder when 183 is divided by 31?
28
Calculate the remainder when 79 is divided by 40.
39
What is the remainder when 499 is divided by 72?
67
Calculate the remainder when 161 is divided by 82.
79
What is the remainder when 288 is divided by 17?
16
What is the remainder when 2277 is divided by 76?
73
What is the remainder when 1346 is divided by 48?
2
Calculate the remainder when 2271 is divided by 443.
56
What is the remainder when 238 is divided by 11?
7
Calculate the remainder when 82 is divided by 33.
16
What is the remainder when 480 is divided by 11?
7
What is the remainder when 14076 is divided by 88?
84
What is the remainder when 2669 is divided by 666?
5
Calculate the remainder when 1369 is divided by 23.
12
Calculate the remainder when 4664 is divided by 25.
14
What is the remainder when 3236 is divided by 1612?
12
What is the remainder when 2954 is divided by 981?
11
What is the remainder when 2 is divided by 2?
0
Calculate the remainder when 43 is divided by 9.
7
What is the remainder when 6 is divided by 5?
1
Calculate the remainder when 410 is divided by 132.
14
What is the remainder when 1017 is divided by 146?
141
What is the remainder when 49 is divided by 37?
12
Calculate the remainder when 361 is divided by 135.
91
What is the remainder when 1531 is divided by 13?
10
What is the remainder when 1875 is divided by 14?
13
What is the remainder when 119 is divided by 2?
1
What is the remainder when 98 is divided by 21?
14
Calculate the remainder when 605 is divided by 150.
5
Calculate the remainder when 7213 is divided by 44.
41
What is the remainder when 296 is divided by 20?
16
What is the remainder when 35 is divided by 21?
14
Calculate the remainder when 538 is divided by 61.
50
Calculate the remainder when 871 is divided by 63.
52
Calculate the remainder when 763 is divided by 32.
27
Calculate the remainder when 2297 is divided by 115.
112
Calculate the remainder when 371 is divided by 34.
31
What is the remainder when 12080 is divided by 1509?
8
What is the remainder when 182 is divided by 30?
2
Calculate the remainder when 326 is divided by 1.
0
What is the remainder when 139 is divided by 24?
19
Calculate the remainder when 1838 is divided by 97.
92
What is the remainder when 18283 is divided by 159?
157
Calculate the remainder when 120 is divided by 41.
38
Calculate the remainder when 216 is divided by 45.
36
Calculate the remainder when 91 is divided by 31.
29
Calculate the remainder when 230 is divided by 117.
113
Calculate the remainder when 1164 is divided by 11.
9
What is the remainder when 8955 is divided by 29?
23
What is the remainder when 247 is divided by 10?
7
What is the remainder when 278 is divided by 35?
33
What is the remainder when 1182 is divided by 32?
30
Calculate the remainder when 305 is divided by 18.
17
What is the remainder when 63 is divided by 35?
28
What is the remainder when 252 is divided by 23?
22
What is the remainder when 66 is divided by 36?
30
What is the remainder when 204 is divided by 41?
40
Calculate the remainder when 9021 is divided by 4.
1
Calculate the remainder when 135 is divided by 39.
18
What is the remainder when 1613 is divided by 26?
1
Calculate the remainder when 273 is divided by 41.
27
Calculate the remainder when 108 is divided by 10.
8
Calculate the remainder when 246 is divided by 49.
1
Calculate the remainder when 364 is divided by 126.
112
What is the remainder when 741 is divided by 184?
5
Calculate the remainder when 243 is divided by 214.
29
Calculate the remainder when 2999 is divided by 8.
7
What is the remainder when 170 is divided by 29?
25
Calculate the remainder when 612 is divided by 23.
14
Calculate the remainder when 16251 is divided by 63.
60
Calculate the remainder when 70 is divided by 22.
4
Calculate the remainder when 7241 is divided by 213.
212
Calculate the remainder when 1785 is divided by 111.
9
What is the remainder when 284 is divided by 119?
46
What is the remainder when 122 is divided by 43?
36
Calculate the remainder when 2067 is divided by 45.
42
What is the remainder when 2262 is divided by 65?
52
Calculate the remainder when 327 is divided by 15.
12
Calculate the remainder when 514 is divided by 62.
18
What is the remainder when 2134 is divided by 89?
87
What is the remainder when 32999 is divided by 20?
19
Calculate the remainder when 35 is divided by 13.
9
What is the remainder when 971 is divided by 26?
9
What is the remainder when 2213 is divided by 82?
81
Calculate the remainder when 550 is divided by 23.
21
Calculate the remainder when 10377 is divided by 107.
105
Calculate the remainder when 749 is divided by 29.
24
Calculate the remainder when 18 is divided by 5.
3
What is the remainder when 29 is divided by 6?
5
Calculate the remainder when 63 is divided by 11.
8
Calculate the remainder when 2024 is divided by 104.
48
What is the remainder when 231 is divided by 77?
0
What is the remainder when 173 is divided by 59?
55
Calculate the remainder when 710 is divided by 23.
20
Calculate the remainder when 212 is divided by 76.
60
What is the remainder when 258 is divided by 4?
2
Calculate the remainder when 1111 is divided by 161.
145
What is the remainder when 43 is divided by 27?
16
What is the remainder when 124 is divided by 46?
32
Calculate the remainder when 136 is divided by 69.
67
Calculate the remainder when 214 is divided by 69.
7
What is the remainder when 2287 is divided by 44?
43
Calculate the remainder when 8426 is divided by 12.
2
What is the remainder when 231 is divided by 33?
0
Calculate the remainder when 328 is divided by 77.
20
What is the remainder when 128 is divided by 88?
40
Calculate the remainder when 369 is divided by 114.
27
What is the remainder when 205 is divided by 35?
30
Calculate the remainder when 83 is divided by 21.
20
Calculate the remainder when 20887 is divided by 99.
97
Calculate the remainder when 2936 is divided by 13.
11
Calculate the remainder when 187 is divided by 5.
2
What is the remainder when 736 is divided by 18?
16
Calculate the remainder when 305 is divided by 6.
5
What is the remainder when 14671 is divided by 219?
217
Calculate the remainder when 164 is divided by 8.
4
Calculate the remainder when 646 is divided by 166.
148
Calculate the remainder when 14127 is divided by 18.
15
Calculate the remainder when 116 is divided by 100.
16
Calculate the remainder when 4844 is divided by 15.
14
Calculate the remainder when 934 is divided by 104.
102
What is the remainder when 82 is divided by 6?
4
Calculate the remainder when 133 is divided by 71.
62
Calculate the remainder when 160 is divided by 7.
6
What is the remainder when 64 is divided by 22?
20
Calculate the remainder when 48 is divided by 8.
0
What is the remainder when 223 is divided by 46?
39
What is the remainder when 554 is divided by 185?
184
What is the remainder when 211 is divided by 210?
1
What is the remainder when 43 is divided by 20?
3
Calculate the remainder when 878 is divided by 98.
94
What is the remainder when 490 is divided by 25?
15
Calculate the remainder when 2599 is divided by 153.
151
Calculate the remainder when 226 is divided by 205.
21
Calculate the remainder when 179 is divided by 88.
3
What is the remainder when 711 is divided by 91?
74
Calculate the remainder when 485 is divided by 18.
17
Calculate the remainder when 767 is divided by 37.
27
What is the remainder when 114 is divided by 33?
15
What is the remainder when 1320 is divided by 77?
11
What is the remainder when 976 is divided by 14?
10
What i